7 - -2)/(-1 - -2). Let x(i) = i**2 + 6*i + 7. Let w be x(t). Suppose -w*g = g - 9. What is the units digit of g?
3
Let c = -92 + 41. Let j = c + 84. What is the tens digit of j?
3
Let n(z) = z**3 + z**2 + z + 2. Let r be n(0). Suppose 3*s = -11 + r. Let o(m) = m**3 + 4*m**2 + 3. What is the tens digit of o(s)?
1
Let f(o) = 2*o**2 - o + 13. What is the units digit of f(10)?
3
Let a = 39 - 21. Let j = -4 + 7. Suppose 4*u = -3*b + 18 + 1, 3*u = -j*b + a. What is the units digit of b?
5
Let j(s) = s. What is the units digit of j(7)?
7
Let o(w) = -13*w**2 + 5*w + 25. Let g(q) = -3*q**2 + q + 6. Let f = 8 - 10. Let u(l) = f*o(l) + 9*g(l). What is the units digit of u(0)?
4
Let x be 20/(-6)*(-21)/14. Let p = -2 + x. What is the units digit of (-3)/(1/((-3)/p))?
3
Let q(w) be the first derivative of -w**4/4 + 7*w**3/3 - 4*w**2 + 7*w + 3. What is the tens digit of q(5)?
1
What is the tens digit of (-12)/(-4) - (-139 - -2)?
4
What is the units digit of (274 - 0)*(-3)/(-6)?
7
Let y be (5 + -3)*14/(-4). Let q = y + 24. What is the units digit of q?
7
Let p = 39 + 139. What is the units digit of p?
8
Let f = 6 - -15. Suppose -9*d + 8*d + f = 0. What is the tens digit of d?
2
Let z = 10 + -7. Suppose 0 = 2*j + 5*x + 5, 4*j + 4*x - z + 7 = 0. Suppose s + 2*s - 60 = j. What is the units digit of s?
0
Suppose -k = -2*w + 2, -k + 5*k + w = 37. What is the tens digit of 206/k + 5/20?
2
Let q = -8 + 8. Suppose n + 5*z - 9 - 2 = q, 5*n + z = 31. Let s = -4 + n. What is the units digit of s?
2
Let h = 52 + 24. What is the tens digit of h?
7
Suppose 3*v - 4*d = -19, -d + 0*d = -v - 5. Let m be 1/(1/(3 + v)). Suppose -9 = m*x + x, 0 = 5*s + 2*x - 4. What is the units digit of s?
2
Suppose -l = -2*l. Suppose -4*x = -4*h + x + 95, 4*h - 99 = x. Suppose 0 = -4*k - 2*s + 46, -k + 4*s + h = -l*s. What is the units digit of k?
3
Suppose 0 = 5*r - r - 16. Let h(p) = p - 1. What is the units digit of h(r)?
3
Suppose -g = -703 + 247. What is the tens digit of g?
5
Suppose 0 = -4*t - 3*h + 198, 0*t = t + 5*h - 41. What is the tens digit of t?
5
Let m = 22 + 6. What is the units digit of m?
8
Suppose 7 = 3*x - g, 5 = -x + 4*x + g. What is the units digit of x?
2
Let q = -73 + 121. What is the tens digit of q?
4
Let w = -5 + 8. Suppose w*g - 11 = 4. Let h(k) = -k**3 + 4*k**2 + 7*k - 6. What is the units digit of h(g)?
4
Let o = 96 - 63. What is the tens digit of o?
3
Suppose 5*f = -5*u + 100, 5*f - 130 = 2*u - u. What is the units digit of f?
5
Let x(d) = -d - 2. Suppose -4*k + 5*k = -6. Let y be x(k). What is the units digit of (3/y)/((-1)/(-24))?
8
Let x = -20 - -19. What is the units digit of x*0/(-4) - -9?
9
Let r(t) = 44*t**3 - t. Let a be r(1). Let f = -11 + a. Let c = f + -22. What is the units digit of c?
0
Let a be ((-10)/15)/((-1)/(-3)). Let p be (-8)/a + 2 + -1. Suppose -1 = 4*n - p. What is the units digit of n?
1
Suppose 7*q = -42 - 0. What is the tens digit of 4/2 - (q - 9)?
1
Let u = 210 - 103. What is the hundreds digit of u?
1
Suppose 0 = -5*l + 10, 28 = 4*z + l - 50. Suppose 0 = 4*d - 163 + z. What is the tens digit of d?
3
Let h = -9 - -15. Let x(q) = q**3 - 7*q**2 + 7*q - 5. What is the units digit of x(h)?
1
Let z = -5 + 7. Suppose -2*p = -2*s + 4, -5*p + 4*s = 3*s - z. Let d = 0 + p. What is the units digit of d?
1
Suppose 0*u = -5*u. Suppose u*g = g + 29. Let s = -17 - g. What is the tens digit of s?
1
Suppose 2*c = 5*j + 6 + 11, 0 = -4*j - 2*c - 10. Let q = j + 13. Suppose -4*x + 5*f + 52 = 0, -q = -2*x - f + 2. What is the units digit of x?
8
Suppose 4*c = 5*c + 16. Let w = 26 + c. What is the tens digit of w?
1
Suppose -3*g - 31 - 514 = -5*n, -10 = -2*g. What is the hundreds digit of n?
1
Let k = 7 + -10. Let d = 10 + k. What is the units digit of d?
7
Let v be ((-1)/(-2) - 2)*2. Let z be -1 - v/(-6)*0. Let d(p) = -2*p + 1. What is the units digit of d(z)?
3
Suppose 20*b = 24*b - 1384. What is the hundreds digit of b?
3
Let b(k) = -k**3 + 3*k**2 + 2*k + 2. Suppose 4*n - 10 = 9*n. Let a be b(n). Suppose -2*i + a = i. What is the units digit of i?
6
Suppose 5*b - 3*b - 12 = 0. Let y(v) = v**2 - 5*v - 8. Let o be y(b). What is the units digit of (4 + -3)*(-14)/o?
7
Suppose 4*p + 12 = -4. Let y(u) = u**2 - u + 1. Let n be y(3). Let h = p + n. What is the units digit of h?
3
Let s = -607 + 937. What is the tens digit of s?
3
Let b(m) = 2*m + 8. Let s be b(-6). Let j = -3 - s. What is the units digit of -2*(j*-3 + 1)?
4
Suppose -308 = -4*p - 4*c, -p - 4*p = 4*c - 383. What is the tens digit of p?
7
Suppose -5*x + 80 - 275 = 0. Let y be x/(-2) - 6/4. Suppose 2*g + g = y. What is the units digit of g?
6
Suppose 3*z = x + 20, -z + 3 = 3*x + 13. What is the units digit of z?
5
Suppose 2*p = 2*c + 24, 4*c = 5*p - 76 + 16. Let x be 4/6 + (-104)/p. What is the units digit of 1 + -2 - (x - 1)?
8
Suppose -2*t - 2*f + 1 + 5 = 0, -3*f + 17 = -t. Let p be (-126)/(-8) - t/8. Suppose 5*c = c + p. What is the units digit of c?
4
Let r be 8/20 - (-304)/(-10). Let a = r + 45. What is the tens digit of a?
1
What is the tens digit of (-287)/(-82)*(228/14 - 2)?
5
Let p = 2 + 2. Suppose -i + p - 3 = 0, 5 = -5*n + 5*i. Suppose -q + 7 - 4 = n. What is the units digit of q?
3
Let y = -5 + 8. Suppose 5*f - 4*c + 23 = 0, y*f + c = 4*c - 15. What is the units digit of -2 + (15 - (-6 - f))?
6
Let n be 6/(-4)*2 - -1. Let f be (-3*1 - n)*-15. Suppose 0 = -5*t - 2*r + 30 - 12, r = -4*t + f. What is the units digit of t?
4
Let j = 17 - 2. Suppose 3*k = 5*k - 50. What is the units digit of k*((-24)/j + 2)?
0
Let l(m) = 2*m**2 + 2*m + 3. Let p = -5 - -7. Suppose -p*x = -4*x - 4. What is the units digit of l(x)?
7
Let i = 6 - -4. Let z be 17/5 + (-4)/i. Suppose -2*y + 0*y + z*a = -3, 0 = -y - 5*a + 34. What is the units digit of y?
9
What is the tens digit of 92/6 - 1/3?
1
Suppose s + 3*s = 0. Let z be -7 + (s/(-3))/(-3). Let y = z - -13. What is the units digit of y?
6
Suppose -10 = -4*m + 10, -3*b - 83 = -m. Let j = 66 + b. Suppose -h = -5*h + 5*o + j, 5*h - 50 = -2*o. What is the tens digit of h?
1
Suppose 5*w - 2 + 7 = 0. Let u = 5 + w. Suppose 5*n - 24 = -b, 5*b + 14 = n + u. What is the units digit of n?
5
Let l(j) = -j**3 + 13*j**2 - 11*j - 4. What is the units digit of l(12)?
8
Let h be 3*-5*(-2)/6. Suppose -113 = h*d + 42. What is the tens digit of 2/3 + d/(-3)?
1
Suppose 52*w = 55*w - 426. What is the hundreds digit of w?
1
Suppose 2*r - 10 = 4*v + 4*r, -4*v + 3*r - 5 = 0. Let h(x) = -7*x + 1. What is the tens digit of h(v)?
1
Let g = 98 + -52. What is the tens digit of g?
4
Let d(m) = -m**2 + 6*m - 5. Let k be d(5). Suppose k = -i - 4 - 3. Let n = 8 + i. What is the units digit of n?
1
Suppose 6*l = -6*l + 1080. What is the tens digit of l?
9
Let x(f) = -16*f + 3. Let k(w) = -48*w + 8. Let c(g) = -5*k(g) + 14*x(g). What is the tens digit of c(1)?
1
Let i = -97 + 136. What is the units digit of i?
9
Suppose w - 95 = 15. Let u = -2 - 0. What is the units digit of u/5 + w/25?
4
Suppose z - 2*c + 6 = 0, 0 = -3*c - 0*c. Let o = z - -8. What is the units digit of o?
2
What is the tens digit of (-7)/(21/30)*-6?
6
Let r = 101 + -65. What is the units digit of r?
6
Let x(m) be the first derivative of -m**3/3 - 4*m**2 - 2*m + 6. What is the units digit of x(-7)?
5
Let g = -5 + 7. Let b be -2 - (g + 2 + -2). What is the units digit of 16*(-1)/b*2?
8
Suppose 3*b + 0*k - 41 = -5*k, 5*k - 6 = 2*b. What is the units digit of b?
7
Suppose 3 = 3*k + 6. Let s(a) = -3*a - 1. What is the units digit of s(k)?
2
What is the tens digit of -114*8*(-6)/36?
5
Suppose 2 + 0 = -2*l - 2*r, -4 = -2*l + 4*r. Suppose 0*n - 8 = -4*q - 3*n, -5*q - 2*n + 10 = l. What is the units digit of (8 - q)/(6/8)?
8
Let k(w) be the first derivative of w**3/3 - 2*w**2 - 9*w - 6. What is the units digit of k(7)?
2
Let x(t) be the second derivative of t**5/20 - t**4/12 - t**3/3 - 2*t. What is the units digit of x(3)?
2
Let i(k) = -k**3 + 9*k**2 - 8*k - 2. Let b be i(6). Suppose 3*l = l + b. What is the tens digit of l?
2
Let k = 8 - 23. Let j = k - -21. What is the units digit of j?
6
Suppose 4*v - 106 = 2*b, -4*v - 4*b + b = -81. What is the tens digit of v?
2
Suppose -2*k - 630 = -8*k. What is the tens digit of k?
0
Let n = -22 + 34. Let a be ((-2)/(-3))/(2/n). Suppose 6 = a*c - 6. What is the units digit of c?
3
Suppose -6